der when 6109 is divided by 978.
241
Calculate the remainder when 6386 is divided by 266.
2
Calculate the remainder when 210312 is divided by 70081.
69
What is the remainder when 22017864 is divided by 153971?
11
What is the remainder when 43159451 is divided by 427?
426
What is the remainder when 31622361 is divided by 2287?
12
What is the remainder when 22724 is divided by 2327?
1781
Calculate the remainder when 283914 is divided by 679.
92
What is the remainder when 2685735 is divided by 67142?
55
Calculate the remainder when 2086850 is divided by 264.
194
What is the remainder when 2194666 is divided by 14251?
12
Calculate the remainder when 76561 is divided by 76559.
2
Calculate the remainder when 7686 is divided by 2120.
1326
What is the remainder when 74676 is divided by 8261?
327
What is the remainder when 18548 is divided by 2311?
60
Calculate the remainder when 12903813 is divided by 6813.
6804
Calculate the remainder when 24379923 is divided by 561.
546
What is the remainder when 1156749 is divided by 64159?
1887
Calculate the remainder when 1567658 is divided by 4992.
170
Calculate the remainder when 41309 is divided by 3163.
190
Calculate the remainder when 4159237 is divided by 5908.
5
What is the remainder when 829941499 is divided by 4?
3
Calculate the remainder when 281865 is divided by 275.
265
What is the remainder when 377611 is divided by 375?
361
Calculate the remainder when 8633865 is divided by 38544.
9
Calculate the remainder when 146622 is divided by 71075.
4472
Calculate the remainder when 10018929 is divided by 8377.
37
What is the remainder when 4288452 is divided by 4288440?
12
Calculate the remainder when 24073 is divided by 309.
280
Calculate the remainder when 2167833 is divided by 85.
78
Calculate the remainder when 311856 is divided by 2228.
2164
Calculate the remainder when 840397 is divided by 248.
173
Calculate the remainder when 892010 is divided by 4.
2
What is the remainder when 12771 is divided by 5953?
865
Calculate the remainder when 322698 is divided by 240.
138
Calculate the remainder when 3335648 is divided by 45688.
424
What is the remainder when 1804578 is divided by 317?
214
What is the remainder when 10321171 is divided by 198484?
3
Calculate the remainder when 573412112 is divided by 1251.
1250
What is the remainder when 2214171 is divided by 16902?
9
What is the remainder when 2354748 is divided by 760?
268
Calculate the remainder when 38399 is divided by 1596.
95
Calculate the remainder when 179219152 is divided by 36.
28
What is the remainder when 4235959 is divided by 4235804?
155
Calculate the remainder when 9507347 is divided by 68.
63
What is the remainder when 8849538 is divided by 2212378?
26
Calculate the remainder when 2701418 is divided by 795.
8
What is the remainder when 77943914 is divided by 265?
259
What is the remainder when 11544839 is divided by 607615?
154
What is the remainder when 47203245 is divided by 13?
11
What is the remainder when 3607915 is divided by 46?
43
Calculate the remainder when 2812360 is divided by 124.
40
Calculate the remainder when 198326811 is divided by 22.
1
Calculate the remainder when 60305693 is divided by 209.
206
Calculate the remainder when 11613 is divided by 605.
118
What is the remainder when 2964095 is divided by 384?
383
What is the remainder when 4741690650 is divided by 441?
438
Calculate the remainder when 805440 is divided by 2081.
93
What is the remainder when 1476275 is divided by 5?
0
Calculate the remainder when 1287193 is divided by 299.
297
Calculate the remainder when 6446 is divided by 2672.
1102
Calculate the remainder when 71602 is divided by 23825.
127
What is the remainder when 1235566 is divided by 27?
19
What is the remainder when 9141269 is divided by 2285317?
1
Calculate the remainder when 128800656 is divided by 620.
616
Calculate the remainder when 394863 is divided by 394311.
552
Calculate the remainder when 106859 is divided by 1847.
1580
Calculate the remainder when 42058 is divided by 41502.
556
Calculate the remainder when 9603339 is divided by 676.
83
What is the remainder when 18719 is divided by 3089?
185
Calculate the remainder when 1447509 is divided by 351.
336
Calculate the remainder when 41320 is divided by 20253.
814
Calculate the remainder when 132300 is divided by 2942.
2852
What is the remainder when 847721 is divided by 169513?
156
What is the remainder when 15522845 is divided by 1464?
53
What is the remainder when 2043118 is divided by 263?
134
What is the remainder when 73396185 is divided by 53?
36
What is the remainder when 1612967 is divided by 4104?
95
Calculate the remainder when 3155357 is divided by 416.
413
Calculate the remainder when 8417833 is divided by 1796.
1777
What is the remainder when 11976026 is divided by 3991991?
53
What is the remainder when 61407255 is divided by 3188?
3187
What is the remainder when 1056348 is divided by 754?
748
Calculate the remainder when 42504 is divided by 1169.
420
What is the remainder when 127946 is divided by 322?
112
Calculate the remainder when 2281253 is divided by 172.
17
Calculate the remainder when 209195 is divided by 209135.
60
What is the remainder when 1366912 is divided by 25?
12
Calculate the remainder when 105385 is divided by 717.
703
Calculate the remainder when 148144 is divided by 2553.
70
Calculate the remainder when 1642094 is divided by 15789.
38
Calculate the remainder when 2492769 is divided by 22.
15
Calculate the remainder when 24189358 is divided by 4837871.
3
Calculate the remainder when 54677 is divided by 276.
29
What is the remainder when 747374 is divided by 2720?
2094
Calculate the remainder when 302447 is divided by 100811.
14
Calculate the remainder when 57653 is divided by 28683.
287
What is the remainder when 39913374 is divided by 7982669?
29
Calculate the remainder when 26541721 is divided by 3317715.
1
What is the remainder when 1487941 is divided by 605?
246
Calculate the remainder when 9877963 is divided by 299331.
40
Calculate the remainder when 190454 is divided by 57.
17
Calculate the remainder when 8075450 is divided by 1787.
1784
Calculate the remainder when 272623 is divided by 16032.
79
Calculate the remainder when 328047509 is divided by 91099.
10
What is the remainder when 2131439 is divided by 9431?
33
Calculate the remainder when 440610 is divided by 869.
27
What is the remainder when 196775715 is divided by 22?
15
What is the remainder when 711739 is divided by 1822?
1159
Calculate the remainder when 15500783 is divided by 26.
25
Calculate the remainder when 4238895 is divided by 472.
335
What is the remainder when 1843068 is divided by 395?
393
What is the remainder when 120532264 is divided by 203?
202
What is the remainder when 37424 is divided by 37222?
202
What is the remainder when 506322 is divided by 559?
427
Calculate the remainder when 895529 is divided by 2045.
1864
Calculate the remainder when 468732 is divided by 117181.
8
What is the remainder when 809130 is divided by 1512?
210
What is the remainder when 410185 is divided by 7721?
972
Calculate the remainder when 1818710 is divided by 75778.
38
What is the remainder when 54986 is divided by 5891?
1967
What is the remainder when 5185957 is divided by 7243?
7212
Calculate the remainder when 36666750 is divided by 2268.
2262
What is the remainder when 278884 is divided by 4808?
20
Calculate the remainder when 120954 is divided by 7114.
16
What is the remainder when 314915544 is divided by 10983?
10968
Calculate the remainder when 445417 is divided by 66.
49
Calculate the remainder when 13924777 is divided by 13.
9
What is the remainder when 43047 is divided by 20944?
1159
Calculate the remainder when 1471133 is divided by 1471128.
5
What is the remainder when 13836018 is divided by 238552?
2
Calculate the remainder when 68118352 is divided by 306.
304
Calculate the remainder when 7784018 is divided by 87.
41
Calculate the remainder when 108116 is divided by 1404.
8
Calculate the remainder when 223065 is divided by 13108.
229
Calculate the remainder when 442315 is divided by 1395.
100
Calculate the remainder when 138960 is divided by 2440.
2320
What is the remainder when 570153 is divided by 1079?
441
Calculate the remainder whe